{"id":12,"date":"2012-10-25T16:19:51","date_gmt":"2012-10-25T15:19:51","guid":{"rendered":"http:\/\/www.apairl.fr\/?page_id=12"},"modified":"2026-05-08T18:06:19","modified_gmt":"2026-05-08T17:06:19","slug":"ses-actions","status":"publish","type":"page","link":"https:\/\/www.apairl.fr\/?page_id=12","title":{"rendered":"Calendrier"},"content":{"rendered":"\n<p><\/p>\n\n\n\n<p><\/p>\n\n\n\n<p style=\"font-size:24px\">Ev\u00e8nements \u00e0 venir :<\/p>\n\n\n\n<ul class=\"wp-block-list\">\n<li><strong>27 juin : Les 120 ans de l&rsquo;Amicale La\u00efque (ALCR)<\/strong> Association La\u00efque de la Croix-Rousse<br>Venez d\u00e9couvrir Les diff\u00e9rentes activit\u00e9s de l&rsquo;<strong>ALCR<\/strong> \u00e0 partir de 10h00 \u00e0 la salle de la Ficelle (65, Bd des Canuts)<br>L&rsquo;<strong>APAIRL<\/strong> s&rsquo;occupera de la restauration toute la journ\u00e9e du 27 jusqu&rsquo;\u00e0 18H<br><br><\/li>\n\n\n\n<li>28 Ao\u00fbt : Concours de p\u00e9tanque \u00e0 Roche (Is\u00e8re)<\/li>\n<\/ul>\n\n\n\n<p><\/p>\n","protected":false},"excerpt":{"rendered":"<p>Ev\u00e8nements \u00e0 venir :<\/p>\n","protected":false},"author":5,"featured_media":0,"parent":0,"menu_order":0,"comment_status":"closed","ping_status":"closed","template":"onecolumn-page.php","meta":{"footnotes":""},"class_list":["post-12","page","type-page","status-publish","hentry"],"_links":{"self":[{"href":"https:\/\/www.apairl.fr\/index.php?rest_route=\/wp\/v2\/pages\/12","targetHints":{"allow":["GET"]}}],"collection":[{"href":"https:\/\/www.apairl.fr\/index.php?rest_route=\/wp\/v2\/pages"}],"about":[{"href":"https:\/\/www.apairl.fr\/index.php?rest_route=\/wp\/v2\/types\/page"}],"author":[{"embeddable":true,"href":"https:\/\/www.apairl.fr\/index.php?rest_route=\/wp\/v2\/users\/5"}],"replies":[{"embeddable":true,"href":"https:\/\/www.apairl.fr\/index.php?rest_route=%2Fwp%2Fv2%2Fcomments&post=12"}],"version-history":[{"count":17,"href":"https:\/\/www.apairl.fr\/index.php?rest_route=\/wp\/v2\/pages\/12\/revisions"}],"predecessor-version":[{"id":809,"href":"https:\/\/www.apairl.fr\/index.php?rest_route=\/wp\/v2\/pages\/12\/revisions\/809"}],"wp:attachment":[{"href":"https:\/\/www.apairl.fr\/index.php?rest_route=%2Fwp%2Fv2%2Fmedia&parent=12"}],"curies":[{"name":"wp","href":"https:\/\/api.w.org\/{rel}","templated":true}]}}